{"id":1026,"date":"2024-05-01T22:01:28","date_gmt":"2024-05-01T22:01:28","guid":{"rendered":"https:\/\/volcantrillizosgalapagos.com.ec\/site\/?post_type=product&#038;p=1026"},"modified":"2024-05-07T02:54:29","modified_gmt":"2024-05-07T02:54:29","slug":"tour-360-snorkeling-en-leon-dormido","status":"publish","type":"product","link":"https:\/\/volcantrillizosgalapagos.com.ec\/site\/producto\/tour-360-snorkeling-en-leon-dormido\/","title":{"rendered":"Tour 360 \u2013 Snorkeling en Le\u00f3n Dormido"},"content":{"rendered":"<p><b>Reservar el tour al menos con 5 d\u00edas de anticipaci\u00f3n.<\/b><\/p>\n<p>El tour lleva su nombre ya que consiste en dar una vuelta completa a la Isla San Crist\u00f3bal de Gal\u00e1pagos, recorriendo sus puntos m\u00e1s importantes. Empezamos temprano por la ma\u00f1ana para aprovechar el d\u00eda al m\u00e1ximo. Salimos desde el puerto e iniciamos navegaci\u00f3n hacia el primer punto del tour: Bah\u00eda Rosa Blanca.<\/p>\n<p><b>Snorkeling en Bah\u00eda Rosa Blanca:\u00a0<\/b>Despu\u00e9s de una hora y media de navegaci\u00f3n llegamos a nuestra primera parada. Este punto se encuentra al norte de la Isla San Cristobal y est\u00e1 compuesto por varias bah\u00edas de agua cristalina. La \u00fanica forma de acceder a este lugar es a trav\u00e9s de un tour autorizado ya que es requisito la presencia de un Gu\u00eda Naturista de Gal\u00e1pagos. Una vez que lleguemos a Bah\u00eda Rosa Blanca caminaremos un poco sobre lava volc\u00e1nica para luego realizar buceo de superficie. Haciendo snorkel aqu\u00ed podr\u00e1s ver tortugas, tiburones, rayas y una amplia variedad de peces. Otro de los principales atractivos de Bah\u00eda Rosa Blanca es la gran playa que tiene donde podr\u00e1s disfrutar de una vista paradis\u00edaca.<\/p>\n<p><b>P<\/b><b>unta Pitt<\/b>\u00a0Es la primera de las paradas del Tour 36o de San Crist\u00f3bal. Aqu\u00ed no se desembarca pero tomamos turnos para ver desde la parta alta del barco la maravillosa vista que este punto tiene para ofrecer. Desde aqu\u00ed podremos disfrutar de un almuerzo con vistas a un paisaje \u00fanico y diferentes especies de aves end\u00e9micas de Gal\u00e1pagos.<\/p>\n<p><b>Bah\u00eda Sardina y Cerro Brujo<\/b>\u00a0Bah\u00eda Sardina es el segundo punto para realizar snorkel en el tour 360. Bah\u00eda Sardina se caracteriza por tener una playa preciosa con las mejores condiciones para practicar buceo de superficie y observar la abundancia de vida marina con la que cuentan las Islas Gal\u00e1pagos. Aqu\u00ed veremos much\u00edsimas tortugas marinas, leones marinos y rayas con las que nadar\u00e1s en perfecta armon\u00eda.<\/p>\n<p>Luego continuamos navegaci\u00f3n y pasamos por Cerro Brujo y atravesamos por grandes rocas desde las cuales se puede ver a lo lejos el Le\u00f3n Dormido, una de nuestras siguientes paradas.<\/p>\n<p><b>Snorkeling en Le\u00f3n Dormido<\/b>\u00a0Finalmente la \u00faltima parada ser\u00e1 para realizar snorkel en uno de los lugares m\u00e1s famosos de las Islas Gal\u00e1pagos, el le\u00f3n dormido o como se conoce en ingl\u00e9s, Kicker Rock.<\/p>\n<p>Este lugar es muy famoso ya que la vista al sumergirnos es espectacular. Hacemos buceo de superficie en mar abierto entre las dos rocas que conforman el le\u00f3n dormido. Debajo de ellas se esconde una gran colonia de tiburones<\/p>\n","protected":false},"excerpt":{"rendered":"<p>Reservar el tour al menos con 5 d\u00edas de anticipaci\u00f3n. El tour lleva su nombre ya que consiste en dar una vuelta completa a la Isla San Crist\u00f3bal de Gal\u00e1pagos, recorriendo sus puntos m\u00e1s importantes. Empezamos temprano por la ma\u00f1ana para aprovechar el d\u00eda al m\u00e1ximo. Salimos desde el puerto e iniciamos navegaci\u00f3n hacia el [&hellip;]<\/p>\n","protected":false},"featured_media":670,"comment_status":"open","ping_status":"closed","template":"","meta":{"_acf_changed":false},"product_brand":[],"product_cat":[35],"product_tag":[],"class_list":{"0":"post-1026","1":"product","2":"type-product","3":"status-publish","4":"has-post-thumbnail","6":"product_cat-isla-san-cristobal","8":"first","9":"instock","10":"virtual","11":"sold-individually","12":"purchasable","13":"product-type-booking"},"booking_location":"","booking_location_type":"","booking_duration":1,"booking_duration_unit":"day","booking_buffer":1,"booking_cost":230,"booking_resources":[],"acf":[],"_links":{"self":[{"href":"https:\/\/volcantrillizosgalapagos.com.ec\/site\/wp-json\/wp\/v2\/product\/1026","targetHints":{"allow":["GET"]}}],"collection":[{"href":"https:\/\/volcantrillizosgalapagos.com.ec\/site\/wp-json\/wp\/v2\/product"}],"about":[{"href":"https:\/\/volcantrillizosgalapagos.com.ec\/site\/wp-json\/wp\/v2\/types\/product"}],"replies":[{"embeddable":true,"href":"https:\/\/volcantrillizosgalapagos.com.ec\/site\/wp-json\/wp\/v2\/comments?post=1026"}],"wp:featuredmedia":[{"embeddable":true,"href":"https:\/\/volcantrillizosgalapagos.com.ec\/site\/wp-json\/wp\/v2\/media\/670"}],"wp:attachment":[{"href":"https:\/\/volcantrillizosgalapagos.com.ec\/site\/wp-json\/wp\/v2\/media?parent=1026"}],"wp:term":[{"taxonomy":"product_brand","embeddable":true,"href":"https:\/\/volcantrillizosgalapagos.com.ec\/site\/wp-json\/wp\/v2\/product_brand?post=1026"},{"taxonomy":"product_cat","embeddable":true,"href":"https:\/\/volcantrillizosgalapagos.com.ec\/site\/wp-json\/wp\/v2\/product_cat?post=1026"},{"taxonomy":"product_tag","embeddable":true,"href":"https:\/\/volcantrillizosgalapagos.com.ec\/site\/wp-json\/wp\/v2\/product_tag?post=1026"}],"curies":[{"name":"wp","href":"https:\/\/api.w.org\/{rel}","templated":true}]}}