{"id":880,"date":"2024-04-30T18:19:52","date_gmt":"2024-04-30T18:19:52","guid":{"rendered":"https:\/\/volcantrillizosgalapagos.com.ec\/site\/?post_type=product&#038;p=880"},"modified":"2025-06-14T05:25:48","modified_gmt":"2025-06-14T05:25:48","slug":"volcan-trillizos","status":"publish","type":"product","link":"https:\/\/volcantrillizosgalapagos.com.ec\/site\/producto\/volcan-trillizos\/","title":{"rendered":"Volc\u00e1n Trillizos"},"content":{"rendered":"<p><strong><img decoding=\"async\" class=\"alignleft wp-image-1322 size-thumbnail\" src=\"https:\/\/volcantrillizosgalapagos.com.ec\/site\/wp-content\/uploads\/2024\/04\/TC_green_winner-gif_LL_2024-150x150.gif\" alt=\"\" width=\"150\" height=\"150\" srcset=\"https:\/\/volcantrillizosgalapagos.com.ec\/site\/wp-content\/uploads\/2024\/04\/TC_green_winner-gif_LL_2024-150x150.gif 150w, https:\/\/volcantrillizosgalapagos.com.ec\/site\/wp-content\/uploads\/2024\/04\/TC_green_winner-gif_LL_2024-300x300.gif 300w, https:\/\/volcantrillizosgalapagos.com.ec\/site\/wp-content\/uploads\/2024\/04\/TC_green_winner-gif_LL_2024-100x100.gif 100w\" sizes=\"(max-width: 150px) 100vw, 150px\" \/>La aventura de los tres volcanes (Trillizos)<\/strong><br \/>\nEstando en el archipi\u00e9lago de Gal\u00e1pagos en la isla Isabela, en lo alto de la sierra volc\u00e1nica, tendr\u00e1 la oportunidad de descender en rapel 500 pies dentro del cr\u00e1ter de un antiguo volc\u00e1n, llegar al fondo, caminar alrededor de las c\u00e1maras y ser testigo de la larga evoluci\u00f3n de la geolog\u00eda en su estado natural, ver cristales de cuarzo intactos, l\u00edquenes petrificados y m\u00e1s maravillas naturales que las que form\u00f3 este volc\u00e1n inactivo en su \u00faltima erupci\u00f3n (hace 600.000 a\u00f1os). \u2026..<br \/>\nLuego, vuelva a subir a la superficie, camine alrededor del borde de los trillizos (tres volcanes juntos) y observe desde un lugar seguro los abismales t\u00faneles dentro de cada volc\u00e1n, mientras disfruta de la majestuosa costa y la vista del oc\u00e9ano de Gal\u00e1pagos.<br \/>\n\u00a1No te pierdas esta delicia!<\/p>\n","protected":false},"excerpt":{"rendered":"<p>La aventura de los tres volcanes (Trillizos) Estando en el archipi\u00e9lago de Gal\u00e1pagos en la isla Isabela, en lo alto de la sierra volc\u00e1nica, tendr\u00e1 la oportunidad de descender en rapel 500 pies dentro del cr\u00e1ter de un antiguo volc\u00e1n, llegar al fondo, caminar alrededor de las c\u00e1maras y ser testigo de la larga evoluci\u00f3n [&hellip;]<\/p>\n","protected":false},"featured_media":1327,"comment_status":"open","ping_status":"closed","template":"","meta":{"_acf_changed":false},"product_brand":[],"product_cat":[33],"product_tag":[],"class_list":{"0":"post-880","1":"product","2":"type-product","3":"status-publish","4":"has-post-thumbnail","6":"product_cat-isla-isabela","8":"first","9":"instock","10":"featured","11":"virtual","12":"sold-individually","13":"purchasable","14":"product-type-booking"},"booking_location":"","booking_location_type":"","booking_duration":255,"booking_duration_unit":"minute","booking_buffer":0,"booking_cost":120,"booking_resources":[],"acf":[],"_links":{"self":[{"href":"https:\/\/volcantrillizosgalapagos.com.ec\/site\/wp-json\/wp\/v2\/product\/880","targetHints":{"allow":["GET"]}}],"collection":[{"href":"https:\/\/volcantrillizosgalapagos.com.ec\/site\/wp-json\/wp\/v2\/product"}],"about":[{"href":"https:\/\/volcantrillizosgalapagos.com.ec\/site\/wp-json\/wp\/v2\/types\/product"}],"replies":[{"embeddable":true,"href":"https:\/\/volcantrillizosgalapagos.com.ec\/site\/wp-json\/wp\/v2\/comments?post=880"}],"wp:featuredmedia":[{"embeddable":true,"href":"https:\/\/volcantrillizosgalapagos.com.ec\/site\/wp-json\/wp\/v2\/media\/1327"}],"wp:attachment":[{"href":"https:\/\/volcantrillizosgalapagos.com.ec\/site\/wp-json\/wp\/v2\/media?parent=880"}],"wp:term":[{"taxonomy":"product_brand","embeddable":true,"href":"https:\/\/volcantrillizosgalapagos.com.ec\/site\/wp-json\/wp\/v2\/product_brand?post=880"},{"taxonomy":"product_cat","embeddable":true,"href":"https:\/\/volcantrillizosgalapagos.com.ec\/site\/wp-json\/wp\/v2\/product_cat?post=880"},{"taxonomy":"product_tag","embeddable":true,"href":"https:\/\/volcantrillizosgalapagos.com.ec\/site\/wp-json\/wp\/v2\/product_tag?post=880"}],"curies":[{"name":"wp","href":"https:\/\/api.w.org\/{rel}","templated":true}]}}